46?
2, 43, 61
What are the prime factors of 24563?
7, 11, 29
List the prime factors of 479.
479
What are the prime factors of 46378?
2, 23189
What are the prime factors of 4479?
3, 1493
What are the prime factors of 22383?
3, 829
What are the prime factors of 92485?
5, 53, 349
What are the prime factors of 2793?
3, 7, 19
What are the prime factors of 3306?
2, 3, 19, 29
List the prime factors of 4948.
2, 1237
List the prime factors of 8.
2
List the prime factors of 97590.
2, 3, 5, 3253
List the prime factors of 5145.
3, 5, 7
What are the prime factors of 34890?
2, 3, 5, 1163
List the prime factors of 19003.
31, 613
What are the prime factors of 118549?
118549
What are the prime factors of 1419?
3, 11, 43
List the prime factors of 1004.
2, 251
What are the prime factors of 1351?
7, 193
What are the prime factors of 6769?
7, 967
List the prime factors of 3253.
3253
List the prime factors of 2261.
7, 17, 19
What are the prime factors of 5566?
2, 11, 23
List the prime factors of 17781.
3, 5927
List the prime factors of 857.
857
List the prime factors of 2563.
11, 233
What are the prime factors of 13580?
2, 5, 7, 97
What are the prime factors of 4898?
2, 31, 79
What are the prime factors of 7462?
2, 7, 13, 41
What are the prime factors of 10296?
2, 3, 11, 13
List the prime factors of 677.
677
What are the prime factors of 647?
647
What are the prime factors of 213?
3, 71
List the prime factors of 650.
2, 5, 13
List the prime factors of 13896.
2, 3, 193
What are the prime factors of 27139?
7, 3877
What are the prime factors of 7669?
7669
What are the prime factors of 4426?
2, 2213
List the prime factors of 121.
11
What are the prime factors of 157063?
17, 9239
List the prime factors of 505.
5, 101
List the prime factors of 21508.
2, 19, 283
What are the prime factors of 719?
719
List the prime factors of 3800.
2, 5, 19
List the prime factors of 1118.
2, 13, 43
What are the prime factors of 17280?
2, 3, 5
List the prime factors of 153986.
2, 7, 17, 647
What are the prime factors of 4679?
4679
List the prime factors of 501.
3, 167
What are the prime factors of 10644?
2, 3, 887
List the prime factors of 29555.
5, 23, 257
What are the prime factors of 797?
797
List the prime factors of 10923.
3, 11, 331
List the prime factors of 13374.
2, 3, 743
List the prime factors of 81380.
2, 5, 13, 313
List the prime factors of 48359.
37, 1307
What are the prime factors of 8483?
17, 499
What are the prime factors of 1014?
2, 3, 13
What are the prime factors of 3044?
2, 761
What are the prime factors of 46866?
2, 3, 73, 107
What are the prime factors of 79183?
13, 6091
What are the prime factors of 5335?
5, 11, 97
List the prime factors of 150.
2, 3, 5
What are the prime factors of 6482?
2, 7, 463
What are the prime factors of 549?
3, 61
List the prime factors of 150954.
2, 3, 139, 181
What are the prime factors of 3276?
2, 3, 7, 13
List the prime factors of 6691.
6691
List the prime factors of 25390.
2, 5, 2539
What are the prime factors of 43739?
191, 229
List the prime factors of 3197.
23, 139
What are the prime factors of 4660?
2, 5, 233
What are the prime factors of 116527?
19, 6133
List the prime factors of 19891.
19891
What are the prime factors of 778?
2, 389
List the prime factors of 1321.
1321
List the prime factors of 2548.
2, 7, 13
List the prime factors of 131.
131
What are the prime factors of 7464?
2, 3, 311
What are the prime factors of 1440?
2, 3, 5
What are the prime factors of 10593?
3, 11, 107
What are the prime factors of 1937?
13, 149
List the prime factors of 488.
2, 61
List the prime factors of 8841.
3, 7, 421
List the prime factors of 4315.
5, 863
What are the prime factors of 692?
2, 173
What are the prime factors of 9844?
2, 23, 107
What are the prime factors of 2036?
2, 509
List the prime factors of 4087.
61, 67
What are the prime factors of 42653?
13, 17, 193
List the prime factors of 7794.
2, 3, 433
List the prime factors of 60508.
2, 7, 2161
List the prime factors of 44896.
2, 23, 61
List the prime factors of 2107.
7, 43
List the prime factors of 55976.
2, 6997
What are the prime factors of 14157?
3, 11, 13
What are the prime factors of 13046?
2, 11, 593
List the prime factors of 910.
2, 5, 7, 13
What are the prime factors of 232?
2, 29
What are the prime factors of 42931?
7, 6133
List the prime factors of 32617.
13, 193
What are the prime factors of 5399?
5399
List the prime factors of 804.
2, 3, 67
What are the prime factors of 3181?
3181
List the prime factors of 3001.
3001
What are the prime factors of 73080?
2, 3, 5, 7, 29
What are the prime factors of 341?
11, 31
What are the prime factors of 1607?
1607
What are the prime factors of 6871?
6871
What are the prime factors of 5185?
5, 17, 61
What are the prime factors of 1407?
3, 7, 67
List the prime factors of 651.
3, 7, 31
List the prime factors of 8501.
8501
List the prime factors of 74.
2, 37
List the prime factors of 21471.
3, 17, 421
What are the prime factors of 9967?
9967
List the prime factors of 40486.
2, 31, 653
List the prime factors of 1132.
2, 283
List the prime factors of 9400.
2, 5, 47
What are the prime factors of 9908?
2, 2477
List the prime factors of 28816.
2, 1801
What are the prime factors of 47921?
173, 277
List the prime factors of 818.
2, 409
List the prime factors of 66333.
3, 22111
List the prime factors of 5308.
2, 1327
List the prime factors of 5060.
2, 5, 11, 23
List the prime factors of 449.
449
List the prime factors of 1941.
3, 647
List the prime factors of 2882.
2, 11, 131
List the prime factors of 39588.
2, 3, 3299
What are the prime factors of 32228?
2, 7, 1151
List the prime factors of 8860.
2, 5, 443
What are the prime factors of 17?
17
List the prime factors of 3976.
2, 7, 71
List the prime factors of 42936.
2, 3, 1789
List the prime factors of 27300.
2, 3, 5, 7, 13
List the prime factors of 3888.
2, 3
What are the prime factors of 8053?
8053
What are the prime factors of 465?
3, 5, 31
What are the prime factors of 381?
3, 127
List the prime factors of 2437.
2437
What are the prime factors of 1166?
2, 11, 53
List the prime factors of 718.
2, 359
List the prime factors of 11524.
2, 43, 67
List the prime factors of 10367.
7, 1481
List the prime factors of 5135.
5, 13, 79
List the prime factors of 7546.
2, 7, 11
What are the prime factors of 594?
2, 3, 11
List the prime factors of 58700.
2, 5, 587
List the prime factors of 16668.
2, 3, 463
List the prime factors of 88.
2, 11
List the prime factors of 13147.
13147
What are the prime factors of 90847?
90847
What are the prime factors of 14755?
5, 13, 227
List the prime factors of 79526.
2, 17, 2339
What are the prime factors of 13063?
13063
List the prime factors of 85541.
113, 757
List the prime factors of 486.
2, 3
What are the prime factors of 24039?
3, 2671
What are the prime factors of 1852?
2, 463
What are the prime factors of 4416?
2, 3, 23
What are the prime factors of 1672?
2, 11, 19
What are the prime factors of 98964?
2, 3, 2749
What are the prime factors of 13375?
5, 107
What are the prime factors of 5087?
5087
List the prime factors of 411.
3, 137
List the prime factors of 26280.
2, 3, 5, 73
What are the prime factors of 21164?
2, 11, 13, 37
List the prime factors of 4273.
4273
List the prime factors of 13370.
2, 5, 7, 191
List the prime factors of 3025.
5, 11
List the prime factors of 10342.
2, 5171
List the prime factors of 4681.
31, 151
What are the prime factors of 2152?
2, 269
List the prime factors of 24060.
2, 3, 5, 401
List the prime factors of 1231.
1231
List the prime factors of 111157.
29, 3833
List the prime factors of 60141.
3, 20047
What are the prime factors of 4289?
4289
List the prime factors of 68573.
47, 1459
What are the prime factors of 1052?
2, 263
What are the prime factors of 47522?
2, 23761
What are the prime factors of 2165?
5, 433
List the prime factors of 23029.
23029
List the prime factors of 1739.
37, 47
What are the prime factors of 8632?
2, 13, 83
What are the prime factors of 2882?
2, 11, 131
What are the prime factors of 6621?
3, 2207
List the prime factors of 43083.
3, 4787
List the prime factors of 9129.
3, 17, 179
What are the prime factors of 11726?
2, 11, 13, 41
List the prime factors of 873.
3, 97
List the prime factors of 218.
2, 109
What ar